 z(o) = 7*o**2 - 18*o - 62. What is z(-4)?
122
Let r(v) = -104*v - 1412. Determine r(-14).
44
Let t(p) = 3*p**3 + 296*p**2 - 105*p - 588. What is t(-99)?
6
Let b(w) = -3*w**3 + 9*w**2 + 264*w - 11. Calculate b(11).
-11
Let o(b) = 8*b + 419. Calculate o(-45).
59
Let f(p) = 93*p + 16298. Give f(-175).
23
Let m(f) = 70*f + 1324. Calculate m(-19).
-6
Let a(y) = 16*y + 168. Determine a(-9).
24
Let r(q) = -29*q**2 - 1797*q - 3422. Calculate r(-60).
-2
Let k(j) = -3*j**2 + 101*j + 8167. Give k(-38).
-3
Let d(z) = -z**3 + 261*z**2 + 1329*z + 254. What is d(266)?
-12
Let j(g) = 2*g**2 - 37*g + 146. What is j(13)?
3
Let o(h) = 2*h**3 - 119*h**2 - 66*h + 367. Give o(60).
7
Let i(u) = 4*u + 355. Determine i(-6).
331
Let y(c) = 32*c**3 + 31*c**2 - 30*c - 1. Give y(1).
32
Let f(j) = -4391*j + 144910. Calculate f(33).
7
Let k(z) = -z**3 + 15*z**2 - 18*z + 5. Determine k(6).
221
Let y(h) = -h - 883. What is y(-32)?
-851
Let t(o) = -211*o + 1688. Give t(8).
0
Let j(n) = -5*n**3 + 91*n**2 - 39*n + 356. Calculate j(18).
-22
Let y(m) = 42*m + 252. What is y(-5)?
42
Let u(w) = 2*w**3 - 2*w + 21. Give u(0).
21
Let a(j) = -108*j**2 + 2267*j + 27. Calculate a(21).
6
Let q(g) = 3*g**3 - 24*g**2 + 9*g - 13. Determine q(5).
-193
Let l(v) = -3*v**2 - 2*v + 28. Determine l(0).
28
Let y(f) = f**2 + f - 124. Give y(-13).
32
Let z(n) = n**2 - 270*n - 9276. Calculate z(-31).
55
Let u(c) = 3*c**3 - 61*c**2 + 293*c + 82. Give u(12).
-2
Let p(d) = d**3 + 19*d**2 + 126*d + 1204. What is p(-16)?
-44
Let m(u) = -7*u**3 + 32*u**2 + 379*u - 4. What is m(10)?
-14
Let s(z) = -z**2 + 46*z - 1. What is s(46)?
-1
Let b(y) = -107*y - 1601. What is b(-17)?
218
Let o(r) = 23*r**2 + 84*r + 172. Determine o(-2).
96
Let x(t) = t**2 - 19*t + 61. Determine x(10).
-29
Let c(o) = 24*o**3 + 2*o**2 + 10*o + 22. Determine c(-2).
-182
Let q(c) = -c**3 - 16*c**2 - 16*c + 106. Give q(-14).
-62
Let r(m) = 5*m**3 + 18*m**2 - 10*m + 6. What is r(-5)?
-119
Let p(j) = -41*j**3 + 196*j**2 + 46*j - 5. What is p(5)?
0
Let a(c) = 4*c**2 - 28*c - 1183. Give a(21).
-7
Let l(a) = -5*a**2 + 291*a + 237. Give l(59).
1
Let t(q) = -180*q**2 + 11*q - 10. Determine t(1).
-179
Let n(l) = l**3 - 8*l**2 - 28*l - 106. Give n(11).
-51
Let q(j) = -981*j - 60824. Give q(-62).
-2
Let g(p) = 27*p + 429. What is g(-20)?
-111
Let l(h) = 5448*h - 50. Calculate l(0).
-50
Let a(m) = -m**3 - 67*m**2 + 600*m - 16. Calculate a(8).
-16
Let x(h) = -h**3 - 8*h**2 + 116*h + 151. Give x(-15).
-14
Let m(n) = -20*n + 1277. What is m(61)?
57
Let g(a) = 25*a - 2654. Calculate g(105).
-29
Let v(g) = -15*g**2 - 1117*g - 559. Determine v(-74).
-41
Let k(l) = 46*l + 1228. Calculate k(-31).
-198
Let q(r) = -11*r + 39. Calculate q(5).
-16
Let m(x) = -x**3 - 19*x**2 - 50*x - 11. Determine m(-16).
21
Let g(z) = -z**2 + 134*z - 489. Calculate g(0).
-489
Let g(n) = -289*n + 79192. Give g(274).
6
Let w(g) = 5*g - 233. Determine w(-15).
-308
Let v(n) = -10698*n + 64186. Give v(6).
-2
Let v(i) = -i**3 - 16*i**2 - 21*i + 47. Give v(-14).
-51
Let z(g) = g**3 + 9*g**2 + 12*g - 26. What is z(-7)?
-12
Let s(n) = -2*n**2 + 65*n + 79. Calculate s(33).
46
Let x(i) = -3*i**2 - 103*i - 125. Calculate x(-38).
-543
Let t(k) = 7*k**3 + 3*k**2 + 21*k + 41. Give t(-3).
-184
Let l(o) = -207*o - 19. Give l(0).
-19
Let i(z) = 3*z**2 + 82*z + 106. Give i(-26).
2
Let l(p) = p**3 + p**2 + 3*p + 7. Determine l(-4).
-53
Let q(f) = -2*f**3 + 2*f**2 - f + 49. What is q(4)?
-51
Let d(s) = s**3 - 62*s**2 - 74*s + 8267. Calculate d(61).
32
Let n(m) = m**3 + 13*m**2 - 8*m - 9. What is n(-13)?
95
Let a(p) = p**2 + 8*p - 53. Determine a(-17).
100
Let o(m) = -3*m**3 + 73*m**2 - 33*m + 84. Give o(24).
-132
Let j(t) = -t**3 - 17*t**2 - 65*t - 324. Determine j(-14).
-2
Let j(g) = -5*g + 18. Give j(9).
-27
Let b(c) = -3*c + 188. Calculate b(26).
110
Let u(q) = -q**3 - 10*q**2 + 61*q + 61. Determine u(-14).
-9
Let l(x) = -929*x - 9305. What is l(-10)?
-15
Let l(r) = -80*r - 1760. What is l(-22)?
0
Let m(q) = -298*q - 734. Determine m(-3).
160
Let g(j) = 32*j**2 - 202*j - 2. Give g(8).
430
Let o(i) = i**3 - 35*i**2 - 71*i + 100. Calculate o(37).
211
Let p(c) = -c**3 - 11*c**2 - 14*c - 54. What is p(-10)?
-14
Let s(x) = x**3 - 19*x**2 + 18*x - 3. What is s(18)?
-3
Let s(h) = 33*h**2 - 4527*h + 815. Give s(137).
-7
Let m(x) = 18*x**2 + 255*x + 902. Give m(-7).
-1
Let w(s) = s**3 + 71*s**2 + 148*s + 710. Calculate w(-69).
20
Let p(r) = -5*r**3 + 107*r**2 - 38*r - 74. Determine p(21).
10
Let p(l) = -l**3 - 20*l - 77. What is p(-4)?
67
Let g(n) = 18*n**2 - 258*n + 317. Calculate g(13).
5
Let d(l) = -4*l**3 + 69*l**2 - 18*l + 30. Determine d(17).
13
Let u(n) = -125*n - 238. Give u(-4).
262
Let m(i) = 2*i**2 + 209*i + 2065. Determine m(-11).
8
Let l(s) = -14132*s + 84786. Determine l(6).
-6
Let l(a) = 19*a + 1850. Give l(-72).
482
Let c(m) = m**3 + 13*m**2 - 116*m + 115. Determine c(-19).
153
Let h(w) = 28*w**3 - 924*w**2 + 1. What is h(33)?
1
Let d(k) = 3*k + 80. Calculate d(-13).
41
Let j(q) = -6*q**3 + 154*q**2 + 44*q + 216. Calculate j(26).
8
Let a(c) = 56*c + 172. What is a(-3)?
4
Let i(m) = 13*m + 7. Determine i(-36).
-461
Let o(f) = f**2 + 5*f - 77. Calculate o(7).
7
Let l(s) = 104*s**2 - 2080*s - 49. Calculate l(20).
-49
Let h(s) = s**3 + 35*s**2 - 391*s - 42. Calculate h(9).
3
Let x(d) = -7*d**3 - 21*d**2 - 11*d - 12. Determine x(-3).
21
Let m(g) = -22*g**2 + 223*g + 22. What is m(10)?
52
Let i(o) = -o**2 - 20*o - 7. What is i(-20)?
-7
Let k(s) = s**3 + 14*s**2 + 16*s - 14. Give k(-5).
131
Let l(r) = -5*r**2 + 12*r + 26. Give l(5).
-39
Let w(j) = j**3 + 31*j**2 + 59*j + 39. Calculate w(-29).
10
Let j(q) = 9*q - 204. Calculate j(33).
93
Let t(z) = 164*z - 175. What is t(1)?
-11
Let b(d) = -d**3 + d**2 + 13*d - 17. Calculate b(5).
-52
Let c(k) = k**3 - 11*k**2 - 6*k + 5. Give c(-1).
-1
Let p(o) = -o**2 + 596*o + 4758. What is p(-8)?
-74
Let a(d) = 107*d**3 - 2*d + 1. Determine a(1).
106
Let f(r) = -68*r - 1822. Determine f(-26).
-54
Let t(w) = -w**2 + 6*w + 25. Determine t(5).
30
Let k(t) = -t**2 + 31*t + 6. Calculate k(0).
6
Let b(l) = 2*l**3 - 8*l**2 - 5*l + 5. What is b(2)?
-21
Let y(u) = u**2 - 22*u + 94. What is y(13)?
-23
Let h(m) = -111*m - 1006. Determine h(-9).
-7
Let f(w) = 320*w - 4321. Determine f(13).
-161
Let v(r) = -17*r**2 - 624*r + 1875. Determine v(3).
-150
Let b(y) = 37*y**2 - 25*y + 86. Calculate b(4).
578
Let z(x) = -5*x**3 - 99*x**2 + 123*x - 65. Give z(-21).
-2
Let k(d) = 184*d - 6443. Determine k(35).
-3
Let i(h) = -h**2 - 88*h + 428. Calculate i(-93).
-37
Let g(d) = 2*d**2 - 64*d - 224. What is g(38)?
232
Let b(q) = -308*q + 1818. What is b(6)?
-30
Let x(m) = -49*m - 438. Give x(-15).
297
Let n(b) = b**3 - 13*b**2 + 19*b - 34. Give n(11).
-67
Let j(r) = 152*r - 441. Calculate j(4).
167
Let b(c) = 85*c**2 + 344*c - 7. Calculate b(-4).
-23
Let f(h) = -26744*h - 26730. Give f(-1).
14
Let b(i) = -i + 40. Give b(18).
22
Let b(u) = 7*u - 15. What is b(-4)?
-43
Let n(y) = 1179*y + 11944. Calculate n(-10).
154
Let t(h) = 64*h - 115. Determine t(4).
141
Let y(m) = m**3 + 63*m**2 + 399*m + 21. Determine y(-7).
-28
Let h(y) = y**2 + 65*y - 1565. Give h(-84).
31
Let r(b) = 5*b**2 - 6*b - 3. Give r(-4).
101
Let s(b) = 27*b**2 - 298*b + 10. Give s(11).
-1
Let t(f) = f**2 - 104*f - 1516. Calculate t(-13).
5
Let k(r) = 37*r**2 + 290*r + 254. What is k(-7)?
37
Let c(q) = 11*q**2 - 143*q + 7. What is c(13)?
7
Let s(f) = 4*f**3 + 37*f**2 + 23*f + 103. What is s(-9)?
-23
Let t(a) = a**3 + 15*a**2 + 9*a + 9. What is t(-15)?
-126
Let q(v) = 28*v - 1519. Give q(54).
-7
Let d(j) = -j**2 - 1340*j + 18942. What is d(14)?
-14
Let q(f) = 5*f**3 + 50*f**2 + 49*f - 247. Calculate q(-8).
1
Let z(w) = -3*w**2 + 76*w - 143. What is z(23)?
18
Let b(o) = o**3 - 15*o**2 - 96*o + 764. Calculate b(18).
8
Let f(c) = c**3 - 8*c**2 + 54*c - 312. What is f(7)?
17
Let k(t) = -2721*t - 19040. Calculate k(-7).
7
Let y(q) = 22*q - 365. What is y(26)?
207
Let y(i) = -24*i**2 - 2147*i + 1169. Give y(-90).
-1
Let u(w) = 14*w**2 + 442*w - 171. What is u(-32)?
21
Let m(d) = d**2 + 14*d + 2. Calculate m(4).
74
Let j(c) = 26*c + 44. Calculate j(-5).
-86
Let i(n) = -n**3 + 13*n**2 + 66*n - 133. Calculate i(-5).
-13
Let p(h) = 4*h + 147. Determine p(17).
215
Let h(y) = -58*y - 116. Give h(-5).
174
Let s(p) = p**3 - 46*p**